
In base 11, what is 4183007 + -6?
4183001
In base 13, what is -1cc2259 - 1?
-1cc225a
In base 12, what is 1ba1791 + 11?
1ba17a2
In base 6, what is -21 - -205140101?
205140040
In base 14, what is -139099b - 20?
-13909bb
In base 9, what is -803 - -31274?
30371
In base 11, what is -1 + 2600468?
2600467
In base 4, what is -10001 + -1203103101?
-1203113102
In base 13, what is -3 + 27584?
27581
In base 15, what is -20cab - -d?
-20c9d
In base 12, what is -12 + -1b89b?
-1b8b1
In base 8, what is 0 + 773342205?
773342205
In base 9, what is 31670104 - 10?
31670084
In base 4, what is -100032102132 + -13?
-100032102211
In base 8, what is -16665472 + -5?
-16665477
In base 16, what is -146 - 1b00?
-1c46
In base 15, what is -59752547 + -3?
-5975254a
In base 4, what is 101303 - -12132321?
12300230
In base 9, what is 438 - 1424?
-875
In base 13, what is -2c + 29825?
297c6
In base 6, what is -3 + 25053224142?
25053224135
In base 10, what is -5813746 - 4?
-5813750
In base 2, what is -10101111110 - 100110111101?
-111100111011
In base 6, what is 52204311 - 102?
52204205
In base 11, what is 1 + 161a0aa?
161a100
In base 15, what is 5a + -702e8?
-7028d
In base 6, what is 140 - -1024051?
1024231
In base 6, what is 14 - 55220151?
-55220133
In base 6, what is -223252203 + -110?
-223252313
In base 7, what is -535411101 + -43?
-535411144
In base 5, what is -4014032433 + 10?
-4014032423
In base 15, what is -6ad73 - 22?
-6ad95
In base 10, what is -56635905 - 0?
-56635905
In base 14, what is 1767ba - 31d?
17649b
In base 13, what is -10 - 2111cc?
-21120c
In base 8, what is 103 - -623231?
623334
In base 9, what is -6360205 + 0?
-6360205
In base 15, what is -23 + 4d1c?
4ce9
In base 6, what is -5552040134 + -4?
-5552040142
In base 3, what is 1022221212121202 - -12?
1022221212121221
In base 6, what is -3451 - 2115051?
-2122542
In base 13, what is -7 - a08c4?
-a08cb
In base 13, what is -4715 + -609?
-5021
In base 12, what is 34a - -94210?
9455a
In base 12, what is 63401b2 + 8?
63401ba
In base 8, what is 34036 - -124764?
161022
In base 11, what is 296711 + 29?
29673a
In base 15, what is -16 - 3040?
-3056
In base 4, what is -1020 - 1122012213?
-1122013233
In base 15, what is 3 + -6a6842?
-6a683e
In base 4, what is -11 + -102110031213?
-102110031230
In base 15, what is -124 + 698d?
6869
In base 14, what is 46131 - -7b?
461ac
In base 15, what is -6 + -860c36?
-860c3c
In base 2, what is 110011010010 - 1001110010?
101001100000
In base 4, what is -232 - 2200021311?
-2200022203
In base 11, what is -262164 - -a2?
-262072
In base 14, what is 47d11 + 604?
48515
In base 5, what is -133 - 200004223?
-200004411
In base 9, what is -1 - 1033408365?
-1033408366
In base 8, what is 1243 - -160742?
162205
In base 10, what is 26735 - -315?
27050
In base 6, what is 12432 - -21452?
34324
In base 14, what is -27a90c - -12b?
-27a7c1
In base 14, what is -26 - -157311d?
15730d7
In base 3, what is -101000111122102 + -12?
-101000111122121
In base 4, what is 1303212220201 + 10?
1303212220211
In base 2, what is 10011000 + -100011001011010010111?
-100011001010111111111
In base 3, what is 2010100011 + -101001?
2002222010
In base 10, what is 0 - 6158659?
-6158659
In base 15, what is 980a2d - -9?
980a37
In base 6, what is -241 + -1014041?
-1014322
In base 4, what is 1131 - 12213123201?
-12213122010
In base 6, what is -32352 + -203202?
-235554
In base 3, what is -22121201202101 - -10201?
-22121201121200
In base 9, what is -12601 - -4505?
-7085
In base 13, what is -a34655 + 0?
-a34655
In base 6, what is -5 - 240430254?
-240430303
In base 2, what is 100011101110100001 - 100011011?
100011101010000110
In base 12, what is -99130 - -1?
-9912b
In base 11, what is 27 - 1019495?
-1019469
In base 5, what is 2431231100 - 0?
2431231100
In base 6, what is 524314400 - 24?
524314332
In base 9, what is -6678 - 74243?
-82032
In base 12, what is a7b4856 + 0?
a7b4856
In base 10, what is -12316 + -47338?
-59654
In base 5, what is 243232321 - -11?
243232332
In base 14, what is -4 + 1a88c2da?
1a88c2d6
In base 11, what is -120466 + -148?
-120603
In base 7, what is -10642221 + -1?
-10642222
In base 6, what is -4 + 213032210?
213032202
In base 4, what is 11103300003 - -211?
11103300220
In base 8, what is 214 + -226353?
-226137
In base 10, what is -1366694 - 4?
-1366698
In base 3, what is 11010020 - 2010011?
2000002
In base 8, what is -134122675 - 64?
-134122761
In base 12, what is 257 - 29649?
-293b2
In base 16, what is -b8403 + -7f?
-b8482
In base 6, what is 3220422232 - 2?
3220422230
In base 8, what is -531 + -327572?
-330323
In base 16, what is c38 + -3595?
-295d
In base 14, what is -5 - 10d10511?
-10d10516
In base 13, what is 4 + -3b9ac76?
-3b9ac72
In base 10, what is 114 - -2971?
3085
In base 6, what is 1242125 - -525?
1243054
In base 8, what is -1 - 10567720?
-10567721
In base 5, what is 2040200213 + 10?
2040200223
In base 5, what is -2123023104 + -11?
-2123023120
In base 5, what is 402424 - -1100?
404024
In base 16, what is 45 + 2063bb?
206400
In base 6, what is -420103 + -20?
-420123
In base 2, what is 101 + 101101110000100101111?
101101110000100110100
In base 11, what is 677a29a7 + 4?
677a2a00
In base 12, what is -224 + -1aa5?
-2109
In base 8, what is -2513 - 25111?
-27624
In base 3, what is 11 + 121220021000021?
121220021000102
In base 16, what is -a0f373 - 4?
-a0f377
In base 4, what is -201313 - -300310?
32331
In base 3, what is -111120022111211 + -10?
-111120022111221
In base 10, what is 3428 + -601?
2827
In base 15, what is -11dc49 + -4a?
-11dc94
In base 7, what is 356361132 + 3?
356361135
In base 8, what is -2457 + -7356?
-12035
In base 3, what is -1102222211 - -111222?
-1102110212
In base 10, what is -81 + -69162?
-69243
In base 9, what is 1057127 - 4?
1057123
In base 5, what is -1112334 + 110434?
-1001400
In base 5, what is 1004321 + 202110?
1211431
In base 15, what is -105 - 1d962?
-1da67
In base 13, what is 96b9 + -270?
9449
In base 6, what is -123405 - 115401?
-243210
In base 13, what is 468ca + -11?
468b9
In base 4, what is 110321002 - 3320?
110311022
In base 4, what is -10 + -32301032?
-32301102
In base 12, what is 63b + 184346?
184985
In base 3, what is -110202112 - -1122200?
-102002212
In base 10, what is -17750613 - 0?
-17750613
In base 7, what is 26432 - 34010?
-4245
In base 9, what is -1884 - 352327?
-354322
In base 13, what is 146a3 - -999?
1536c
In base 10, what is -213507 - -13?
-213494
In base 15, what is a91db + 3b?
a9227
In base 16, what is 2e39b9 + -46?
2e3973
In base 6, what is -5135515233 - -4?
-5135515225
In base 4, what is 11 + 13001223300022?
13001223300033
In base 2, what is 1101110011101 - 11100?
1101110000001
In base 6, what is -30 + -55510400?
-55510430
In base 11, what is 64929 - -7121?
70a4a
In base 10, what is 49009 - -764?
49773
In base 16, what is -7f7 + -bb6?
-13ad
In base 12, what is 2 - 2906785?
-2906783
In base 2, what is 10001011011110000 - -110111111110?
10010010011101110
In base 12, what is 37a73 - -a76?
38929
In base 13, what is 92b042 + 43?
92b085
In base 15, what is -42 + -17c9?
-181b
In base 14, what is 62 - 24527?
-244a5
In base 15, what is -5 + -32ab9de?
-32ab9e4
In base 9, what is 5 - 415003512?
-415003506
In base 3, what is -22101011222221102 - 10?
-22101011222221112
In base 10, what is 5397 + -399?
4998
In base 2, what is 101 - -1000001110001100000100?
1000001110001100001001
In base 8, what is -24223123 + -7?
-24223132
In base 7, what is 13 + 32101626?
32101642
In base 7, what is 26 - 64204132?
-64204103
In base 3, what is -2000212102 + -102212?
-2001022021
In base 7, what is 64144030 - 3?
64144024
In base 7, what is 20 - -531503013?
531503033
In base 5, what is -1121422 + 42041?
-1024331
In base 13, what is -baba3 + 64?
-bab3c
In base 11, what is 436 + 152482?
152908
In base 3, what is -2221 - 2102111202110?
-2102111212101
In base 4, what is -312311 - -20320000?
20001023
In base 11, what is 7050010 - -56?
7050066
In base 5, what is 12 - 2234034124?
-2234034112
In base 7, what is 12563442 - 221?
12563221
In base 8, what is -2 - 75776704?
-75776706
In base 13, what is 7 - -2b32195?
2b3219c
In base 16, what is -651e + -121?
-663f
In base 7, what is 2353 - 111214?
-105531
In base 13, what is 1477c67 + -6?
1477c61
In base 16, what is -130e + 3f35?
2c27
In base 14, what is -17add